s of (40 + -1)/((-93)/(-2604))?
2, 3, 7, 13
Let f(j) = 2580*j - 15. List the prime factors of f(1).
3, 5, 19
Suppose -c - 2*h - 52 = -494, 880 = 2*c + 3*h. List the prime factors of c.
2, 7, 31
Let j(w) = 5*w**2 - 5*w + 90. What are the prime factors of j(-16)?
2, 5, 29
Let c be (-4)/20*82*-20. Let n = c - 188. Suppose -2*y = 2*y - n. What are the prime factors of y?
5, 7
Let j be (5/(-3))/(2/(-150)). Suppose -2*n + 16 = 2*h - 42, 0 = 5*n - 5*h - j. List the prime factors of n.
3
Suppose -91 + 11 = 5*c. Let q = -9 - c. What are the prime factors of q?
7
Let c = 1798 + 2197. What are the prime factors of c?
5, 17, 47
Suppose 14 = 5*w - 1. Suppose 3*d - 66 = 3*y, 3*d + w*y - 66 = -2*y. List the prime factors of d.
2, 11
What are the prime factors of ((1233/2)/3)/((-30)/(-380))?
19, 137
Let g be (39 - -1)*(-2)/(-5). Suppose 4*y = -g, l - 17 = 5*y + 12. List the prime factors of l.
3
Let b = 1721 + -475. What are the prime factors of b?
2, 7, 89
Suppose 6*p - 5*p = 198. List the prime factors of p.
2, 3, 11
Let n be -2659 - 3/((-4)/4). List the prime factors of 3/2*n/(-48).
83
Let r be (-50)/(2 - (-84)/(-39)). Suppose 9*q - r = 4*q. What are the prime factors of q?
5, 13
Suppose -4*j - 5*y = -y, -4*j = 3*y - 4. Suppose -s + 11 = -32. Suppose 106 = j*x + 2*n, 2*x - s = -0*x - 3*n. What are the prime factors of x?
29
List the prime factors of (-135030)/(-147) + (-3)/(-7).
919
Suppose -118*i + 6190 = -108*i. What are the prime factors of i?
619
Suppose -3*i = -5*i - i. Suppose -10*d + 9*d + 315 = i. List the prime factors of d.
3, 5, 7
Let s(z) = 14 + 4*z**2 - 11 + 6. What are the prime factors of s(-3)?
3, 5
List the prime factors of 2753 + -13 + 7 + 10.
3, 919
Let y be (-42)/(-6) + (-3)/1. Suppose -n + 210 = y*n. List the prime factors of n.
2, 3, 7
Let a = -46 - -48. Suppose 2*x = 3*n - 316, 30 = n + a*x - 78. List the prime factors of n.
2, 53
Suppose -1888 = -4*l + 4*w, -3*l = -5*w - 686 - 724. Suppose l - 7 = 4*x. List the prime factors of x.
3, 13
Suppose -d + 88 = -v, 0 = 5*d - 3*v + 41 - 489. Suppose -7*j = -9*j + d. List the prime factors of j.
2, 23
Let o(p) = 5*p**2 + 3*p - 4*p + 29 + 0*p**2 - 4*p**2. Let f be o(0). Let k = f - 11. List the prime factors of k.
2, 3
Suppose 134 = -10*x + 494. Let l = 293 - x. List the prime factors of l.
257
Let l = 157 + -226. Let s = 2 - l. List the prime factors of s.
71
Let y = -288 + 156. Let t = y - -264. What are the prime factors of t?
2, 3, 11
Suppose 9 = -2*g + 39. Let k(o) = 6 - g*o + 8*o + 6*o. What are the prime factors of k(-7)?
13
Suppose 13758 + 11395 = 5*d + 8*b, -25150 = -5*d - 5*b. List the prime factors of d.
47, 107
Let x(b) be the second derivative of 7*b**4/12 + b**3/3 - 3*b**2/2 + 4*b. Let y be x(-5). Suppose -4 = i - 5*i, 4*n + 2*i = y. List the prime factors of n.
2, 5
Let d(b) = 12*b + 20. Let l be d(-10). Let j be (-1)/(398/l + 4). List the prime factors of ((-90)/j)/((-1)/(-5)).
3
Suppose 5*m - 626 - 1489 = 0. What are the prime factors of m?
3, 47
Suppose 2*t - 3*n = -t + 9, -3*n + 12 = 4*t. Suppose -t*k + 558 = -156. List the prime factors of k.
2, 7, 17
Suppose -4 = 3*r + 2. Let c be (3/(-12))/(r/232). Suppose -c - 81 = -5*h. What are the prime factors of h?
2, 11
Let s(x) = -x + 8. Let g be s(-9). Suppose 0 = -3*p - 2 + g, 2*k + 3*p + 67 = 0. Let q = k - -65. What are the prime factors of q?
2, 3
Let v be ((-10)/(-4))/(3/78). Let u be (3/2)/((-3)/(-38)). Let q = v - u. List the prime factors of q.
2, 23
Let b(s) be the first derivative of s**6/360 - 7*s**5/120 - 5*s**4/24 - 4*s**3/3 + 3. Let i(p) be the third derivative of b(p). List the prime factors of i(-4).
3, 13
Suppose -4*v + 8*v = 1952. List the prime factors of v.
2, 61
What are the prime factors of (-3)/(-4) - (2 - 5997/4)?
2, 7, 107
Let m(h) = 16*h + 34. Let g be m(18). Suppose -g = -7*u + 2*u + 4*y, 2*u = 5*y + 122. What are the prime factors of u?
2, 3, 11
Let g = 38 + -33. Suppose 3*k = g*k - 6. Let u = 6 + k. List the prime factors of u.
3
Let d be 4 + -8 + -3 + 1. Let a be d*(-4)/(12/29). Suppose -13*w + 14*w - a = 0. List the prime factors of w.
2, 29
Let q(v) = v**3 - 43*v**2 - 25*v - 30. What are the prime factors of q(44)?
2, 13, 31
Let q(p) = -3*p**3 - p**2 - 6*p + 2. Let b(o) = -2*o - 27. Let f be b(-12). What are the prime factors of q(f)?
2, 23
Suppose 0 = -7*z + 198 - 982. List the prime factors of 2/8 - 31220/z.
3, 31
Suppose 0 = 30*t - 28*t - 6. Suppose -t*y = -4*b + 482, -2*y - 474 = -4*b - 3*y. List the prime factors of b.
7, 17
Suppose -25 + 9 = -2*i + 2*m, -5*i + 3*m + 34 = 0. Suppose -b - i*u - 12 = 0, b - 3*u = 27 + 1. Let f = 16 - b. List the prime factors of f.
3
Let g be (-1 + 20/12)*54. Let z = g - 24. What are the prime factors of z?
2, 3
Suppose -2 = -j - 5*g + 9, -3*j + 33 = -3*g. Let v = -6 + j. Let w(a) = -a**2 + 9*a - 7. List the prime factors of w(v).
13
Suppose 29*b - 26*b = 639. Let c = b - 134. List the prime factors of c.
79
Let u(y) = -15*y**3 - 4*y**2 - 5*y - 4. Let h be u(-2). Suppose -10*q = -8*q - h. List the prime factors of q.
5, 11
Suppose -2*m = 4*l - 68, 3*l - 3 = -2*m + 62. Suppose 33 = y + m. What are the prime factors of y?
5
Let d(a) = -a**3 - a**2 - 1. Let f(r) = -2*r**3 - 4*r**2 - 8*r - 16. Let b(v) = 3*d(v) - f(v). List the prime factors of b(-6).
7, 31
Let f(k) be the third derivative of k**5/20 - k**4/6 - k**3/3 - 7*k**2. Let l be f(-4). Suppose c - 3*d = -0*c + 31, 2*c = 4*d + l. List the prime factors of c.
31
Let g(z) = 1. Let m(r) = r**2 + 32*r + 26. Let x(v) = -2*g(v) - m(v). List the prime factors of x(-12).
2, 53
Let z = 279 - 165. Suppose -w + z + 7 = 0. List the prime factors of w.
11
Suppose 3*g - 68 = r, 5*r + g + 275 = 3*g. Let f be 1*r - (-4 - 0). Let h = f + 73. List the prime factors of h.
2, 3
Suppose b - 36 = -2*b. Let j = b - 2. What are the prime factors of 3/15 - (-48)/j?
5
Let a(s) = 71*s**2 + 3*s + 1. Let c be a(-1). Suppose 116 = 3*n + 4*k - c, -3*n + 183 = 3*k. List the prime factors of n.
59
Let t be (-8)/(32/(-1)) - (-9)/(-4). What are the prime factors of -3*(77 - t)*14/(-14)?
3, 79
Let u be 13/6 - 1/6. Let w(z) = -46*z**3 - z**u + 225 - 225. List the prime factors of w(-1).
3, 5
Suppose -2255 = -5*m + 5*f, -4*f + 8 = -2*f. Suppose 6*w - m = w. What are the prime factors of w?
7, 13
Suppose -f = 5, 4*u + 2*f + 8 = 2*u. Let m(s) = -4*s + 1. Let o be m(u). List the prime factors of (-23)/o - (-2)/(-3).
7
Suppose 62*d - 4264 = 54*d. What are the prime factors of d?
13, 41
Suppose 4*s - 84 = 8. What are the prime factors of ((-2)/6)/(s/(-966))?
2, 7
Let r be 2/(-3) + (-6)/(-9). Let k be 57 + 0 + (-3 - r). What are the prime factors of (k/(-15))/(6/(-20))?
2, 3
Let m = 491 - 345. List the prime factors of m.
2, 73
Suppose -27*t + 99*t = 43776. List the prime factors of t.
2, 19
Suppose -8*z + 13*z - 1005 = 0. Suppose -5*f + z = -2*f. What are the prime factors of f?
67
Let x = 3127 - 1825. What are the prime factors of x?
2, 3, 7, 31
Suppose -3*v = -k - 10, -3*v + 14 = 2*k - k. Suppose 23 = k*g - 3. List the prime factors of g.
13
Suppose 0 = -18*p - 3*p + 13083. List the prime factors of p.
7, 89
Let j be 0 + 26 - (-9)/(-3). Let a = 43 - j. List the prime factors of a.
2, 5
Suppose 2*h + 2*l + 6 = 0, 1 - 4 = 4*h - 5*l. Let p(z) = -z**2 + z + 1. Let t be p(h). What are the prime factors of t/((-10)/6) - -36?
3, 13
Let u(p) = 28*p - 118. What are the prime factors of u(23)?
2, 263
Let o(p) = p**3 + p**2 + p - 66. Let x be o(0). Let i = x - -141. List the prime factors of i.
3, 5
Suppose -102*g = -98*g - 5*v - 8643, g - 4*v = 2158. List the prime factors of g.
2, 23, 47
Let m(u) = u**3 - 5*u**2 - 7*u + 2. Let z be m(6). Let r = 0 - z. Suppose -2*x = 5*f - r*x - 25, -3*f - x = -15. What are the prime factors of f?
5
Let k(y) = 5*y**2 + 2*y - 2. Let s be k(1). Suppose -s*g + 170 = -5*t, -g - t = -12 - 14. What are the prime factors of g?
2, 3, 5
Let n = 1957 - -1918. List the prime factors of n.
5, 31
What are the prime factors of 947/(1/5*5) + -6?
941
Let g = -44 + 75. Suppose g*u - 36*u = -855. What are the prime factors of u?
3, 19
Let v be 4 + (-2 - -1) + 15. Let y(j) = 4*j**2 - 3 + 10*j + v - j**3 - 8*j**2. What are the prime factors of y(-6)?
3
Let r(z) = 90*z**2 + 7*z + 1. Let q(b) = 89*b**2 + 6*b + 1. Let l(p) = 6*q(p) - 5*r(p).